{"id":66,"date":"2021-05-16T18:31:20","date_gmt":"2021-05-16T16:31:20","guid":{"rendered":"https:\/\/pisap.fr\/?page_id=66"},"modified":"2026-01-23T11:00:49","modified_gmt":"2026-01-23T10:00:49","slug":"accueil","status":"publish","type":"page","link":"https:\/\/pisap.fr\/","title":{"rendered":"Bienvenue"},"content":{"rendered":"\n<h3 class=\"wp-block-heading has-text-align-center has-black-color has-text-color\"><strong>Votre <\/strong><strong style=\"font-style: italic;\">Auxiliaire de pu\u00e9riculture<\/strong><\/h3>\n\n\n\n<p class=\"has-text-align-center\"><strong>\u00c0 domicile<\/strong><\/p>\n\n\n<div class=\"wp-block-image\">\n<figure class=\"aligncenter size-large\"><img loading=\"lazy\" decoding=\"async\" width=\"300\" height=\"449\" src=\"https:\/\/pisap.fr\/wp-content\/uploads\/2021\/05\/valeurs.jpeg\" alt=\"\" class=\"wp-image-73\" srcset=\"https:\/\/pisap.fr\/wp-content\/uploads\/2021\/05\/valeurs.jpeg 300w, https:\/\/pisap.fr\/wp-content\/uploads\/2021\/05\/valeurs-200x300.jpeg 200w\" sizes=\"auto, (max-width: 300px) 100vw, 300px\" \/><\/figure>\n<\/div>\n\n\n<p class=\"has-text-align-center has-black-color has-text-color has-normal-font-size\" style=\"line-height:1.4\">J&rsquo;accompagne et soutiens les parents dans leur nouveau r\u00f4le ainsi que les nouveaux-n\u00e9s.<\/p>\n\n\n\n<p><\/p>\n\n\n\n<p class=\"has-text-align-center has-black-color has-text-color\">Je propose des&nbsp;rendez-vous&nbsp;bien-\u00eatre et&nbsp;des conseils en allaitement, en soins, etc&#8230;<\/p>\n\n\n\n<div class=\"wp-block-buttons is-horizontal is-content-justification-center is-layout-flex wp-container-core-buttons-is-layout-499968f5 wp-block-buttons-is-layout-flex\">\n<div class=\"wp-block-button is-style-fill\"><a class=\"wp-block-button__link has-white-color has-cyan-bluish-gray-background-color has-text-color has-background wp-element-button\" href=\"https:\/\/pisap.fr\/index.php\/contact\/\">PRENDRE RENDEZ-VOUS<\/a><\/div>\n<\/div>\n\n\n<div class=\"wp-block-image\">\n<figure class=\"aligncenter size-large\"><img loading=\"lazy\" decoding=\"async\" width=\"512\" height=\"512\" src=\"https:\/\/pisap.fr\/wp-content\/uploads\/2021\/05\/cropped-LOGO-PISAP-fi28444038x470-1.png\" alt=\"\" class=\"wp-image-37\" srcset=\"https:\/\/pisap.fr\/wp-content\/uploads\/2021\/05\/cropped-LOGO-PISAP-fi28444038x470-1.png 512w, https:\/\/pisap.fr\/wp-content\/uploads\/2021\/05\/cropped-LOGO-PISAP-fi28444038x470-1-300x300.png 300w, https:\/\/pisap.fr\/wp-content\/uploads\/2021\/05\/cropped-LOGO-PISAP-fi28444038x470-1-150x150.png 150w, https:\/\/pisap.fr\/wp-content\/uploads\/2021\/05\/cropped-LOGO-PISAP-fi28444038x470-1-270x270.png 270w, https:\/\/pisap.fr\/wp-content\/uploads\/2021\/05\/cropped-LOGO-PISAP-fi28444038x470-1-192x192.png 192w, https:\/\/pisap.fr\/wp-content\/uploads\/2021\/05\/cropped-LOGO-PISAP-fi28444038x470-1-180x180.png 180w, https:\/\/pisap.fr\/wp-content\/uploads\/2021\/05\/cropped-LOGO-PISAP-fi28444038x470-1-32x32.png 32w\" sizes=\"auto, (max-width: 512px) 100vw, 512px\" \/><\/figure>\n<\/div>\n\n\n<p class=\"has-text-align-center has-black-color has-text-color has-large-font-size\">MES VALEURS<\/p>\n\n\n\n<p class=\"has-text-align-center has-black-color has-text-color\"><em>J\u2019attache&nbsp;une grande importance au secret professionnel, ainsi qu\u2019au <strong>respect <\/strong>d\u2019autrui dans sa singularit\u00e9 et son enti\u00e8ret\u00e9.<\/em><\/p>\n\n\n\n<p class=\"has-text-align-center has-black-color has-text-color\"><em>Je m\u2019adapte au mieux \u00e0 chacune de vos situations, toujours avec <strong>empathie<\/strong> et <strong>bienveillance<\/strong>, pour r\u00e9pondre de fa\u00e7on adapt\u00e9e \u00e0 vos besoins.<\/em><\/p>\n\n\n\n<p class=\"has-text-align-center has-black-color has-text-color\"><em>Dans certains cas, je peux \u00eatre amen\u00e9e \u00e0 vous orienter vers d&rsquo;autres professionnels.<\/em><\/p>\n\n\n\n<p class=\"has-text-align-center has-black-color has-text-color\"><em>Accompagner, soutenir, aider, tendre la main, pr\u00eater une oreille attentive, soulager&#8230;<\/em><\/p>\n\n\n\n<p class=\"has-text-align-center has-black-color has-text-color\"><em>Tous ces mots font \u00e9cho en moi.&nbsp;<\/em><\/p>\n\n\n\n<p class=\"has-text-align-center has-black-color has-text-color\"><em>Particuli\u00e8rement en <strong>p\u00e9rinatalit\u00e9<\/strong>, face \u00e0 des \u00eatres en devenir qui semblent si fragiles.<\/em><\/p>\n\n\n\n<p class=\"has-text-align-center has-black-color has-text-color\"><em>Et pourtant&#8230;<\/em><\/p>\n\n\n\n<p><\/p>\n\n\n\n<p>Pour laisser votre avis sur l&rsquo;une de mes prestations, c&rsquo;est par ici :<\/p>\n\n\n\n<p><a href=\"https:\/\/g.page\/r\/CcOAjYcn4pg9EBM\/review\" target=\"_blank\" rel=\"noopener\" title=\"J'\u00e9cris mon avis\">https:\/\/g.page\/r\/CcOAjYcn4pg9EBM\/review<\/a><\/p>\n\n\n\n<p><\/p>\n","protected":false},"excerpt":{"rendered":"<p>Votre Auxiliaire de pu\u00e9riculture \u00c0 domicile J&rsquo;accompagne et soutiens les parents dans leur nouveau r\u00f4le ainsi que les nouveaux-n\u00e9s. Je propose des&nbsp;rendez-vous&nbsp;bien-\u00eatre et&nbsp;des conseils en allaitement, en soins, etc&#8230; MES VALEURS J\u2019attache&nbsp;une grande importance au secret professionnel, ainsi qu\u2019au respect d\u2019autrui dans sa singularit\u00e9 et son enti\u00e8ret\u00e9. Je m\u2019adapte au mieux \u00e0 chacune de vos &hellip; <\/p>\n<p class=\"link-more\"><a href=\"https:\/\/pisap.fr\/\" class=\"more-link\">Continuer la lecture<span class=\"screen-reader-text\"> de &laquo;&nbsp;Bienvenue&nbsp;&raquo;<\/span><\/a><\/p>\n","protected":false},"author":1,"featured_media":73,"parent":0,"menu_order":0,"comment_status":"closed","ping_status":"closed","template":"","meta":{"_monsterinsights_skip_tracking":false,"_monsterinsights_sitenote_active":false,"_monsterinsights_sitenote_note":"","_monsterinsights_sitenote_category":0,"footnotes":""},"class_list":["post-66","page","type-page","status-publish","has-post-thumbnail","hentry"],"aioseo_notices":[],"_links":{"self":[{"href":"https:\/\/pisap.fr\/index.php\/wp-json\/wp\/v2\/pages\/66","targetHints":{"allow":["GET"]}}],"collection":[{"href":"https:\/\/pisap.fr\/index.php\/wp-json\/wp\/v2\/pages"}],"about":[{"href":"https:\/\/pisap.fr\/index.php\/wp-json\/wp\/v2\/types\/page"}],"author":[{"embeddable":true,"href":"https:\/\/pisap.fr\/index.php\/wp-json\/wp\/v2\/users\/1"}],"replies":[{"embeddable":true,"href":"https:\/\/pisap.fr\/index.php\/wp-json\/wp\/v2\/comments?post=66"}],"version-history":[{"count":23,"href":"https:\/\/pisap.fr\/index.php\/wp-json\/wp\/v2\/pages\/66\/revisions"}],"predecessor-version":[{"id":560,"href":"https:\/\/pisap.fr\/index.php\/wp-json\/wp\/v2\/pages\/66\/revisions\/560"}],"wp:featuredmedia":[{"embeddable":true,"href":"https:\/\/pisap.fr\/index.php\/wp-json\/wp\/v2\/media\/73"}],"wp:attachment":[{"href":"https:\/\/pisap.fr\/index.php\/wp-json\/wp\/v2\/media?parent=66"}],"curies":[{"name":"wp","href":"https:\/\/api.w.org\/{rel}","templated":true}]}}