{"id":302,"date":"2023-01-20T20:00:42","date_gmt":"2023-01-20T19:00:42","guid":{"rendered":"https:\/\/pisap.fr\/?page_id=302"},"modified":"2025-05-28T20:54:53","modified_gmt":"2025-05-28T18:54:53","slug":"rencontre-questions-reponses-en-pre-ou-post-partum","status":"publish","type":"page","link":"https:\/\/pisap.fr\/index.php\/tarifs\/rencontre-questions-reponses-en-pre-ou-post-partum\/","title":{"rendered":"Rencontre Questions\/R\u00e9ponses en pr\u00e9 ou post-partum"},"content":{"rendered":"\n<p><strong>Dur\u00e9e<\/strong> : 1H<\/p>\n\n\n\n<p><strong>Lieu<\/strong> : \u00e0 domicile\/en visio<\/p>\n\n\n\n<p><strong>Pour qui ?<\/strong><\/p>\n\n\n\n<p>Futur(s) ou jeune(s) parents souhaitant un suivi par mes soins ou bien juste pour quelques interrogations concernant la parentalit\u00e9.<\/p>\n\n\n\n<p><strong>Comment se d\u00e9roule la s\u00e9ance ?<\/strong><\/p>\n\n\n\n<p>Le RDV d\u00e9bute par une pr\u00e9sentation de mon parcours ainsi que le v\u00f4tre.<\/p>\n\n\n\n<p>Vous me ferez part de vos interrogations, auxquelles je me ferai un plaisir de vous r\u00e9pondre.<\/p>\n\n\n\n<p>Selon vos attentes et vos interrogations, je vous proposerai un suivi sur mesure.<\/p>\n\n\n\n<p><em>Ce RDV ne vous engage pas vers un suivi par la suite si vous ne le souhaitez pas !<\/em><\/p>\n\n\n\n<p><strong>Tarif : 35 \u20ac \u00e0 domicile\/ 20 \u20ac en visio<\/strong><\/p>\n\n\n\n<figure class=\"wp-block-image size-large\"><img loading=\"lazy\" decoding=\"async\" width=\"1024\" height=\"683\" src=\"https:\/\/pisap.fr\/wp-content\/uploads\/2023\/07\/alexandra-murcia-photographe-justine-43-1024x683.jpg\" alt=\"\" class=\"wp-image-387\" srcset=\"https:\/\/pisap.fr\/wp-content\/uploads\/2023\/07\/alexandra-murcia-photographe-justine-43-1024x683.jpg 1024w, https:\/\/pisap.fr\/wp-content\/uploads\/2023\/07\/alexandra-murcia-photographe-justine-43-300x200.jpg 300w, https:\/\/pisap.fr\/wp-content\/uploads\/2023\/07\/alexandra-murcia-photographe-justine-43-768x512.jpg 768w, https:\/\/pisap.fr\/wp-content\/uploads\/2023\/07\/alexandra-murcia-photographe-justine-43-1536x1024.jpg 1536w, https:\/\/pisap.fr\/wp-content\/uploads\/2023\/07\/alexandra-murcia-photographe-justine-43-2048x1365.jpg 2048w\" sizes=\"auto, (max-width: 767px) 89vw, (max-width: 1000px) 54vw, (max-width: 1071px) 543px, 580px\" \/><\/figure>\n\n\n\n<p><\/p>\n\n\n\n<p>Tarifs valables sur Marseille.<\/p>\n\n\n\n<p>Contactez-moi pour un autre lieu.<\/p>\n","protected":false},"excerpt":{"rendered":"<p>Dur\u00e9e : 1H Lieu : \u00e0 domicile\/en visio Pour qui ? Futur(s) ou jeune(s) parents souhaitant un suivi par mes soins ou bien juste pour quelques interrogations concernant la parentalit\u00e9. Comment se d\u00e9roule la s\u00e9ance ? Le RDV d\u00e9bute par une pr\u00e9sentation de mon parcours ainsi que le v\u00f4tre. Vous me ferez part de vos &hellip; <\/p>\n<p class=\"link-more\"><a href=\"https:\/\/pisap.fr\/index.php\/tarifs\/rencontre-questions-reponses-en-pre-ou-post-partum\/\" class=\"more-link\">Continuer la lecture<span class=\"screen-reader-text\"> de &laquo;&nbsp;Rencontre Questions\/R\u00e9ponses en pr\u00e9 ou post-partum&nbsp;&raquo;<\/span><\/a><\/p>\n","protected":false},"author":1,"featured_media":0,"parent":120,"menu_order":5,"comment_status":"closed","ping_status":"closed","template":"","meta":{"_monsterinsights_skip_tracking":false,"_monsterinsights_sitenote_active":false,"_monsterinsights_sitenote_note":"","_monsterinsights_sitenote_category":0,"footnotes":""},"class_list":["post-302","page","type-page","status-publish","hentry"],"aioseo_notices":[],"_links":{"self":[{"href":"https:\/\/pisap.fr\/index.php\/wp-json\/wp\/v2\/pages\/302","targetHints":{"allow":["GET"]}}],"collection":[{"href":"https:\/\/pisap.fr\/index.php\/wp-json\/wp\/v2\/pages"}],"about":[{"href":"https:\/\/pisap.fr\/index.php\/wp-json\/wp\/v2\/types\/page"}],"author":[{"embeddable":true,"href":"https:\/\/pisap.fr\/index.php\/wp-json\/wp\/v2\/users\/1"}],"replies":[{"embeddable":true,"href":"https:\/\/pisap.fr\/index.php\/wp-json\/wp\/v2\/comments?post=302"}],"version-history":[{"count":5,"href":"https:\/\/pisap.fr\/index.php\/wp-json\/wp\/v2\/pages\/302\/revisions"}],"predecessor-version":[{"id":543,"href":"https:\/\/pisap.fr\/index.php\/wp-json\/wp\/v2\/pages\/302\/revisions\/543"}],"up":[{"embeddable":true,"href":"https:\/\/pisap.fr\/index.php\/wp-json\/wp\/v2\/pages\/120"}],"wp:attachment":[{"href":"https:\/\/pisap.fr\/index.php\/wp-json\/wp\/v2\/media?parent=302"}],"curies":[{"name":"wp","href":"https:\/\/api.w.org\/{rel}","templated":true}]}}