{"id":289,"date":"2023-01-20T18:11:19","date_gmt":"2023-01-20T17:11:19","guid":{"rendered":"https:\/\/pisap.fr\/?page_id=289"},"modified":"2026-04-28T14:32:51","modified_gmt":"2026-04-28T12:32:51","slug":"garde-nouveau-ne-ou-relais-parental","status":"publish","type":"page","link":"https:\/\/pisap.fr\/index.php\/tarifs\/garde-nouveau-ne-ou-relais-parental\/","title":{"rendered":"Nurse de nuit :                      Garde nouveau-n\u00e9 ou relais parental"},"content":{"rendered":"\n<p><strong>Dur\u00e9e<\/strong> : Nuit ou soir\u00e9e (5h minimum)<\/p>\n\n\n\n<p><strong>Lieu <\/strong>: \u00e0 domicile (Marseille et alentours)<\/p>\n\n\n\n<p><strong>Pour qui ?<\/strong><\/p>\n\n\n\n<p>Jeunes parents d&rsquo;un b\u00e9b\u00e9.<\/p>\n\n\n\n<ul class=\"wp-block-list\">\n<li>Ce relais vous permettra de vous reposer tout en me laissant prendre soin de votre b\u00e9b\u00e9.<\/li>\n<\/ul>\n\n\n\n<p>Attention : Je ne suis pas consultante en sommeil. Je n&rsquo;effectue pas de \u00ab\u00a0plan\u00a0\u00bb pour l&rsquo;endormissement autonome. En revanche, je suis dans l&rsquo;observation de votre environnement ainsi que votre routine et vous donne des conseils avec un oeil ext\u00e9rieur \u00e0 votre quotidien afin de vous accompagner dans un sommeil plus serein. Mon accompagnement ne garanti pas un enfant dormant une nuit compl\u00e8te.<\/p>\n\n\n\n<p>Je m&rsquo;adapte \u00e0 chaque enfant et ses besoins.<\/p>\n\n\n\n<p><strong>Tarifs <\/strong>: \u00e0 partir de 20\u20ac\/h (secteur Marseille)<\/p>\n\n\n\n<p><strong>Merci<\/strong> <strong>de me contacter pour un devis.<\/strong><\/p>\n\n\n\n<p><strong>Les tarifs peuvent \u00eatre d\u00e9gressifs selon la quantit\u00e9 de nuits r\u00e9serv\u00e9es en amont.<\/strong><\/p>\n\n\n\n<p><strong>Possibilit\u00e9 de passer par PAJE EMPLOI ou par mon auto-entreprise selon ce qui vous avantage.<\/strong><\/p>\n\n\n\n<p class=\"has-text-align-center\"><strong><mark style=\"background-color:rgba(0, 0, 0, 0)\" class=\"has-inline-color has-vivid-red-color\">DERNIERES DISPONIBILITES  EN MAI 2026 :<\/mark><\/strong><\/p>\n\n\n\n<ul class=\"wp-block-list\">\n<li>vendredi 8 mai<\/li>\n\n\n\n<li>dimanche 10 mai (demi-nuit uniquement Marseille)<\/li>\n\n\n\n<li>mardi 12 mai<\/li>\n\n\n\n<li>jeudi 28 mai (Marseille uniquement)<\/li>\n<\/ul>\n\n\n\n<p class=\"has-text-align-center\"><mark style=\"background-color:rgba(0, 0, 0, 0)\" class=\"has-inline-color has-vivid-green-cyan-color\">Planning de juin et juillet 2026 \u00e0 partir du 12 mai.<\/mark><\/p>\n\n\n\n<p><\/p>\n","protected":false},"excerpt":{"rendered":"<p>Dur\u00e9e : Nuit ou soir\u00e9e (5h minimum) Lieu : \u00e0 domicile (Marseille et alentours) Pour qui ? Jeunes parents d&rsquo;un b\u00e9b\u00e9. Attention : Je ne suis pas consultante en sommeil. Je n&rsquo;effectue pas de \u00ab\u00a0plan\u00a0\u00bb pour l&rsquo;endormissement autonome. En revanche, je suis dans l&rsquo;observation de votre environnement ainsi que votre routine et vous donne des &hellip; <\/p>\n<p class=\"link-more\"><a href=\"https:\/\/pisap.fr\/index.php\/tarifs\/garde-nouveau-ne-ou-relais-parental\/\" class=\"more-link\">Continuer la lecture<span class=\"screen-reader-text\"> de &laquo;&nbsp;Nurse de nuit :                      Garde nouveau-n\u00e9 ou relais parental&nbsp;&raquo;<\/span><\/a><\/p>\n","protected":false},"author":1,"featured_media":0,"parent":120,"menu_order":6,"comment_status":"closed","ping_status":"closed","template":"","meta":{"_monsterinsights_skip_tracking":false,"_monsterinsights_sitenote_active":false,"_monsterinsights_sitenote_note":"","_monsterinsights_sitenote_category":0,"footnotes":""},"class_list":["post-289","page","type-page","status-publish","hentry"],"aioseo_notices":[],"_links":{"self":[{"href":"https:\/\/pisap.fr\/index.php\/wp-json\/wp\/v2\/pages\/289","targetHints":{"allow":["GET"]}}],"collection":[{"href":"https:\/\/pisap.fr\/index.php\/wp-json\/wp\/v2\/pages"}],"about":[{"href":"https:\/\/pisap.fr\/index.php\/wp-json\/wp\/v2\/types\/page"}],"author":[{"embeddable":true,"href":"https:\/\/pisap.fr\/index.php\/wp-json\/wp\/v2\/users\/1"}],"replies":[{"embeddable":true,"href":"https:\/\/pisap.fr\/index.php\/wp-json\/wp\/v2\/comments?post=289"}],"version-history":[{"count":18,"href":"https:\/\/pisap.fr\/index.php\/wp-json\/wp\/v2\/pages\/289\/revisions"}],"predecessor-version":[{"id":579,"href":"https:\/\/pisap.fr\/index.php\/wp-json\/wp\/v2\/pages\/289\/revisions\/579"}],"up":[{"embeddable":true,"href":"https:\/\/pisap.fr\/index.php\/wp-json\/wp\/v2\/pages\/120"}],"wp:attachment":[{"href":"https:\/\/pisap.fr\/index.php\/wp-json\/wp\/v2\/media?parent=289"}],"curies":[{"name":"wp","href":"https:\/\/api.w.org\/{rel}","templated":true}]}}