{"id":173,"date":"2021-12-13T09:54:37","date_gmt":"2021-12-13T08:54:37","guid":{"rendered":"https:\/\/pisap.fr\/?page_id=173"},"modified":"2026-04-28T14:27:48","modified_gmt":"2026-04-28T12:27:48","slug":"a-propos","status":"publish","type":"page","link":"https:\/\/pisap.fr\/index.php\/a-propos\/","title":{"rendered":"Qui suis-je ?"},"content":{"rendered":"\n<figure class=\"wp-block-gallery has-nested-images columns-default is-cropped wp-block-gallery-1 is-layout-flex wp-block-gallery-is-layout-flex\">\n<figure class=\"wp-block-image size-full\"><img loading=\"lazy\" decoding=\"async\" width=\"1702\" height=\"2560\" data-id=\"463\" src=\"https:\/\/pisap.fr\/wp-content\/uploads\/2024\/05\/DSC0120-scaled.jpg\" alt=\"\" class=\"wp-image-463\" srcset=\"https:\/\/pisap.fr\/wp-content\/uploads\/2024\/05\/DSC0120-scaled.jpg 1702w, https:\/\/pisap.fr\/wp-content\/uploads\/2024\/05\/DSC0120-199x300.jpg 199w, https:\/\/pisap.fr\/wp-content\/uploads\/2024\/05\/DSC0120-681x1024.jpg 681w, https:\/\/pisap.fr\/wp-content\/uploads\/2024\/05\/DSC0120-768x1155.jpg 768w, https:\/\/pisap.fr\/wp-content\/uploads\/2024\/05\/DSC0120-1021x1536.jpg 1021w, https:\/\/pisap.fr\/wp-content\/uploads\/2024\/05\/DSC0120-1362x2048.jpg 1362w\" sizes=\"auto, (max-width: 767px) 89vw, (max-width: 1000px) 54vw, (max-width: 1071px) 543px, 580px\" \/><\/figure>\n<\/figure>\n\n\n\n<p><em>Je m&rsquo;appelle Justine, j&rsquo;ai 32 ans et suis maman de deux adorables petites filles<\/em>&#8230;<\/p>\n\n\n\n<p><em>Dans notre soci\u00e9t\u00e9 o\u00f9 tout doit aller vite et les s\u00e9jours en maternit\u00e9 sont raccourcis, les accompagnements en p\u00e9rinatalit\u00e9 me semblent essentiels.<\/em><\/p>\n\n\n\n<p><em>C\u2019est pourquoi, apr\u00e8s diff\u00e9rentes exp\u00e9riences dans le milieu param\u00e9dical et celui de la petite enfance, j\u2019ai choisi de me sp\u00e9cialiser dans le domaine de la p\u00e9rinatalit\u00e9 afin d\u2019accompagner les parents et futurs parents dans leur nouveau r\u00f4le tout en restant compl\u00e9mentaire \u00e0 d\u2019autres professions dans ce domaine.<\/em><\/p>\n\n\n\n<p><em>En tant qu\u2019auxiliaire de pu\u00e9riculture et aide-soignante, j\u2019ai pu acc\u00e9der \u00e0 de belles et riches formations comme le Dipl\u00f4me Universitaire en allaitement maternel puis les freins restrictifs buccaux.<\/em><\/p>\n\n\n\n<p><em>Je suis aussi devenue monitrice de portage physiologique avec l\u2019association TELP et&nbsp;me suis form\u00e9e&nbsp;en massages bien-\u00eatre (future) maman et&nbsp;b\u00e9b\u00e9<\/em>. <\/p>\n\n\n\n<p>Je vous propose aussi, de vous soutenir dans votre fin de grossesse et\/ou votre tout d\u00e9but de parentalit\u00e9 en \u00e9tant pr\u00e9sente chez vous afin de pouvoir vous reposer et vous soulager.<\/p>\n\n\n\n<p><em>J\u2019ai \u00e0 coeur de vous \u00e9couter et surtout d\u2019\u00e9couter votre enfant. J\u2019accorde beaucoup d\u2019importance \u00e0 la bienveillance, au&nbsp;partage et au&nbsp;respect.<\/em><\/p>\n\n\n\n<p><em>Mes prestations se d\u00e9roulent principalement dans la ville de Marseille<\/em> et aux alentours, \u00e0 votre domicile.<\/p>\n\n\n\n<p><em>Selon la prestation choisie, je peux aussi vous proposer certains de mes&nbsp;accompagnements en visio.<\/em><\/p>\n\n\n\n<p><em>N&rsquo;h\u00e9sitez pas \u00e0 me contacter pour plus de pr\u00e9cisions&#8230;<\/em><\/p>\n\n\n\n<p><\/p>\n\n\n\n<h2 class=\"wp-block-heading\">Mes qualifications<\/h2>\n\n\n\n<p><em><strong>2012 BAFA<\/strong><\/em><\/p>\n\n\n\n<p><em><strong>2013 Baccalaur\u00e9at Litt\u00e9raire<\/strong><\/em><\/p>\n\n\n\n<p><em><strong>2014 DE Aide-soignant (IFSI Antoine B\u00e9cl\u00e8re)<\/strong><\/em><\/p>\n\n\n\n<p><strong><em>2015 MAMAN<\/em><\/strong> &lt;3<\/p>\n\n\n\n<p><em><strong>2017 DE Auxiliaire de pu\u00e9riculture (IFAP croix-rouge)<\/strong><\/em><\/p>\n\n\n\n<p><em><strong>2018 DU Allaitement Maternel (Aix-Marseille Universit\u00e9)<\/strong><\/em><\/p>\n\n\n\n<p><em><strong>2020 Formation&nbsp;monitrice de portage (TELP)<\/strong><\/em><\/p>\n\n\n\n<p><em><strong>2021 Formation Freins restrictifs buccaux (Au sein en douceur)<\/strong><\/em><\/p>\n\n\n\n<p><em><strong>2021&nbsp;Formation&nbsp;en Massage bien-\u00eatre b\u00e9b\u00e9 (Formasud)<\/strong><\/em><\/p>\n\n\n\n<p><em><strong>2021 Formation d&rsquo;initiation en r\u00e9flexologie plantaire b\u00e9b\u00e9 (Formasud)<\/strong><\/em><\/p>\n\n\n\n<p><em><strong>2021&nbsp;Formation Modelage&nbsp;lympho-drainant&nbsp;<\/strong><\/em><\/p>\n\n\n\n<p><em><strong>(Espace&nbsp;des possibles)<\/strong><\/em><\/p>\n\n\n\n<p><em><strong>2021 Formation Modelage pr\u00e9natal (Ambassaderm)<\/strong><\/em><\/p>\n\n\n\n<p><em><strong>2021 Initiation au soin Rebozo&nbsp;<\/strong><\/em><\/p>\n\n\n\n<p><em><strong>(L&rsquo;\u00e9cole fran\u00e7aise du Rebozo)<\/strong><\/em><\/p>\n\n\n\n<p><em><strong>2022 Formation \u00e0 l&rsquo;accompagnement au post-partum&nbsp;<\/strong><\/em><\/p>\n\n\n\n<p><em><strong>(De Terre en M\u00e8re &#8211; Julie TOUTIN) <\/strong><\/em><\/p>\n\n\n\n<p><strong><em>2023 MAMAN<\/em><\/strong> &lt;3<\/p>\n\n\n\n<p><strong><em>2024 Ambassadrice Rituel du bain sensoriel \u00ae<\/em><\/strong><\/p>\n\n\n\n<p><strong>(EFNM &#8211; Tania Massouf)<\/strong><\/p>\n","protected":false},"excerpt":{"rendered":"<p>Je m&rsquo;appelle Justine, j&rsquo;ai 32 ans et suis maman de deux adorables petites filles&#8230; Dans notre soci\u00e9t\u00e9 o\u00f9 tout doit aller vite et les s\u00e9jours en maternit\u00e9 sont raccourcis, les accompagnements en p\u00e9rinatalit\u00e9 me semblent essentiels. C\u2019est pourquoi, apr\u00e8s diff\u00e9rentes exp\u00e9riences dans le milieu param\u00e9dical et celui de la petite enfance, j\u2019ai choisi de me &hellip; <\/p>\n<p class=\"link-more\"><a href=\"https:\/\/pisap.fr\/index.php\/a-propos\/\" class=\"more-link\">Continuer la lecture<span class=\"screen-reader-text\"> de &laquo;&nbsp;Qui suis-je ?&nbsp;&raquo;<\/span><\/a><\/p>\n","protected":false},"author":1,"featured_media":0,"parent":0,"menu_order":0,"comment_status":"closed","ping_status":"closed","template":"","meta":{"_monsterinsights_skip_tracking":false,"_monsterinsights_sitenote_active":false,"_monsterinsights_sitenote_note":"","_monsterinsights_sitenote_category":0,"footnotes":""},"class_list":["post-173","page","type-page","status-publish","hentry"],"aioseo_notices":[],"_links":{"self":[{"href":"https:\/\/pisap.fr\/index.php\/wp-json\/wp\/v2\/pages\/173","targetHints":{"allow":["GET"]}}],"collection":[{"href":"https:\/\/pisap.fr\/index.php\/wp-json\/wp\/v2\/pages"}],"about":[{"href":"https:\/\/pisap.fr\/index.php\/wp-json\/wp\/v2\/types\/page"}],"author":[{"embeddable":true,"href":"https:\/\/pisap.fr\/index.php\/wp-json\/wp\/v2\/users\/1"}],"replies":[{"embeddable":true,"href":"https:\/\/pisap.fr\/index.php\/wp-json\/wp\/v2\/comments?post=173"}],"version-history":[{"count":16,"href":"https:\/\/pisap.fr\/index.php\/wp-json\/wp\/v2\/pages\/173\/revisions"}],"predecessor-version":[{"id":577,"href":"https:\/\/pisap.fr\/index.php\/wp-json\/wp\/v2\/pages\/173\/revisions\/577"}],"wp:attachment":[{"href":"https:\/\/pisap.fr\/index.php\/wp-json\/wp\/v2\/media?parent=173"}],"curies":[{"name":"wp","href":"https:\/\/api.w.org\/{rel}","templated":true}]}}

<figure class="wp-block-gallery has-nested-images columns-default is-cropped wp-block-gallery-1 is-layout-flex wp-block-gallery-is-layout-flex">
<figure class="wp-block-image size-full"><img loading="lazy" decoding="async" width="1702" height="2560" data-id="463" src="https://pisap.fr/wp-content/uploads/2024/05/DSC0120-scaled.jpg" alt="" class="wp-image-463" srcset="https://pisap.fr/wp-content/uploads/2024/05/DSC0120-scaled.jpg 1702w, https://pisap.fr/wp-content/uploads/2024/05/DSC0120-199x300.jpg 199w, https://pisap.fr/wp-content/uploads/2024/05/DSC0120-681x1024.jpg 681w, https://pisap.fr/wp-content/uploads/2024/05/DSC0120-768x1155.jpg 768w, https://pisap.fr/wp-content/uploads/2024/05/DSC0120-1021x1536.jpg 1021w, https://pisap.fr/wp-content/uploads/2024/05/DSC0120-1362x2048.jpg 1362w" sizes="auto, (max-width: 767px) 89vw, (max-width: 1000px) 54vw, (max-width: 1071px) 543px, 580px" /></figure>
</figure>



<p><em>Je m&rsquo;appelle Justine, j&rsquo;ai 32 ans et suis maman de deux adorables petites filles</em>&#8230;</p>



<p><em>Dans notre société où tout doit aller vite et les séjours en maternité sont raccourcis, les accompagnements en périnatalité me semblent essentiels.</em></p>



<p><em>C’est pourquoi, après différentes expériences dans le milieu paramédical et celui de la petite enfance, j’ai choisi de me spécialiser dans le domaine de la périnatalité afin d’accompagner les parents et futurs parents dans leur nouveau rôle tout en restant complémentaire à d’autres professions dans ce domaine.</em></p>



<p><em>En tant qu’auxiliaire de puériculture et aide-soignante, j’ai pu accéder à de belles et riches formations comme le Diplôme Universitaire en allaitement maternel puis les freins restrictifs buccaux.</em></p>



<p><em>Je suis aussi devenue monitrice de portage physiologique avec l’association TELP et&nbsp;me suis formée&nbsp;en massages bien-être (future) maman et&nbsp;bébé</em>. </p>



<p>Je vous propose aussi, de vous soutenir dans votre fin de grossesse et/ou votre tout début de parentalité en étant présente chez vous afin de pouvoir vous reposer et vous soulager.</p>



<p><em>J’ai à coeur de vous écouter et surtout d’écouter votre enfant. J’accorde beaucoup d’importance à la bienveillance, au&nbsp;partage et au&nbsp;respect.</em></p>



<p><em>Mes prestations se déroulent principalement dans la ville de Marseille</em> et aux alentours, à votre domicile.</p>



<p><em>Selon la prestation choisie, je peux aussi vous proposer certains de mes&nbsp;accompagnements en visio.</em></p>



<p><em>N&rsquo;hésitez pas à me contacter pour plus de précisions&#8230;</em></p>



<p></p>



<h2 class="wp-block-heading">Mes qualifications</h2>



<p><em><strong>2012 BAFA</strong></em></p>



<p><em><strong>2013 Baccalauréat Littéraire</strong></em></p>



<p><em><strong>2014 DE Aide-soignant (IFSI Antoine Béclère)</strong></em></p>



<p><strong><em>2015 MAMAN</em></strong> &lt;3</p>



<p><em><strong>2017 DE Auxiliaire de puériculture (IFAP croix-rouge)</strong></em></p>



<p><em><strong>2018 DU Allaitement Maternel (Aix-Marseille Université)</strong></em></p>



<p><em><strong>2020 Formation&nbsp;monitrice de portage (TELP)</strong></em></p>



<p><em><strong>2021 Formation Freins restrictifs buccaux (Au sein en douceur)</strong></em></p>



<p><em><strong>2021&nbsp;Formation&nbsp;en Massage bien-être bébé (Formasud)</strong></em></p>



<p><em><strong>2021 Formation d&rsquo;initiation en réflexologie plantaire bébé (Formasud)</strong></em></p>



<p><em><strong>2021&nbsp;Formation Modelage&nbsp;lympho-drainant&nbsp;</strong></em></p>



<p><em><strong>(Espace&nbsp;des possibles)</strong></em></p>



<p><em><strong>2021 Formation Modelage prénatal (Ambassaderm)</strong></em></p>



<p><em><strong>2021 Initiation au soin Rebozo&nbsp;</strong></em></p>



<p><em><strong>(L&rsquo;école française du Rebozo)</strong></em></p>



<p><em><strong>2022 Formation à l&rsquo;accompagnement au post-partum&nbsp;</strong></em></p>



<p><em><strong>(De Terre en Mère &#8211; Julie TOUTIN) </strong></em></p>



<p><strong><em>2023 MAMAN</em></strong> &lt;3</p>



<p><strong><em>2024 Ambassadrice Rituel du bain sensoriel ®</em></strong></p>



<p><strong>(EFNM &#8211; Tania Massouf)</strong></p>

<p>Je m&rsquo;appelle Justine, j&rsquo;ai 32 ans et suis maman de deux adorables petites filles&#8230; Dans notre société où tout doit aller vite et les séjours en maternité sont raccourcis, les accompagnements en périnatalité me semblent essentiels. C’est pourquoi, après différentes expériences dans le milieu paramédical et celui de la petite enfance, j’ai choisi de me &hellip; </p>
<p class="link-more"><a href="https://pisap.fr/index.php/a-propos/" class="more-link">Continuer la lecture<span class="screen-reader-text"> de &laquo;&nbsp;Qui suis-je ?&nbsp;&raquo;</span></a></p>
